 - 28. Let q be y(v). What is the remainder when (0 - -3) + (106 - q) is divided by 10?
7
Suppose 12 = -w + 2*w. Let b(m) = -4*m**3 - 314*m**2 + 800*m - 188. What is the remainder when b(-81) is divided by w?
10
Suppose -d - 100 = -r - 4*d, 5*r - 5*d = 520. Suppose -r - 17 = -3*s. Calculate the remainder when s is divided by 21.
19
Let v(d) = -1. Let n(c) = c + 1. Let h(a) = 1. Let w(z) = 28*h(z) + 4*n(z). Let u(g) = 5*v(g) - w(g). What is the remainder when 92 is divided by u(-17)?
30
Let z(d) = d**3 + 4*d**2 - 3*d - 1. Let i = 223 + -240. Calculate the remainder when 6*(-4 + i/(-2)) is divided by z(-4).
5
Let i(r) = 2*r - 5. Let b be i(5). Suppose 72 = 2*t - 4*m, 60 = 2*t + b*m - 12. What is the remainder when 106 is divided by t?
34
Suppose 0 = 3*z - 8*z + 35. Let r(b) = 2*b + 75. Suppose -5*a + 2*l - 129 = 0, 2*a + 51 = -l + 3. What is the remainder when r(a) is divided by z?
4
Let r(y) = 430*y**3 + 5*y - 5. Let j be r(1). Let m = -402 + j. Calculate the remainder when 278 is divided by m.
26
Suppose -252*x + 7595 = 1547. Let c(y) = y**3 + 4*y**2 - 3*y - 2. What is the remainder when c(3) is divided by x?
4
Let i(k) = 41*k**3 + 92*k**2 - 187*k - 3. What is the remainder when i(2) is divided by 43?
18
Let g(z) = -z. Calculate the remainder when ((-126)/(-7))/(80/520) is divided by g(-4).
1
Suppose y - 2*v - 60 = 0, -7*y + 122 = -5*y - 3*v. What is the remainder when y is divided by -2 + (3/3 - -26)?
14
Let o(b) = -b**3 + 41*b**2 + 94*b - 48. Let s(a) = 11*a**2 + 20*a - 41. Let g be s(2). What is the remainder when o(g) is divided by (-3 - 0)*23/(-3)?
20
Suppose 4*n - 2 = 2*v, -5*n = -4*v + 3*v - 7. Suppose 8*h = v*h + 65. Suppose 52 = h*o - 9*o. Calculate the remainder when 62 is divided by o.
10
Calculate the remainder when 68 is divided by (-5 - 22/(-14))/(6/(-84 + 0)).
20
Let x = -6165 + 8684. Calculate the remainder when x is divided by 21.
20
What is the remainder when 74 is divided by 231/9 + -4 + (-30)/45?
11
Suppose 250*t - 452*t = -3636. What is the remainder when 2138 is divided by t?
14
Let r(k) = k**3 + 7*k**2 - k - 3. Calculate the remainder when r(-6) is divided by 22/(-2992)*-34*4*30.
9
Suppose -65*h + 70*h = 15. Suppose 2 + h = 2*f - i, -30 = -4*f - 2*i. What is the remainder when f is divided by -6*20/(-15) - 3?
0
Let q(n) = -n**3 - 16*n**2 - 20*n - 24. Let w be q(-14). Let b = 161 + w. Calculate the remainder when b is divided by 19.
6
Let a(g) = 7*g**2 - 74*g + 34. Calculate the remainder when a(12) is divided by 127.
27
Let w = 343 - 296. Suppose -2*o + 181 = w. Calculate the remainder when o is divided by 25.
17
Suppose 19 = -5*y - h, 0 = 3*y - 5*y + 3*h + 6. Let b(p) = -p**3 - 3*p**2 - 2*p + 16. What is the remainder when 258 is divided by b(y)?
16
Let q be 26516/336 - 1/(-12). Suppose -q*t = -76*t + v - 415, -2*t + 284 = -3*v. Calculate the remainder when t is divided by 36 + (-1)/((-1)/(-1)).
34
Suppose 2*x - 529 = -3*q, -x - 13*q + 11*q = -267. What is the remainder when 396 is divided by x?
139
Let k = -16 - -20. Suppose -5*s = -5*n + 90, 6*s = k*n + s - 69. Suppose -33 = -3*m + n. Calculate the remainder when 50 is divided by m.
14
Calculate the remainder when 1/5 - (-2 + 218850/(-125)) is divided by 16.
9
Let n = 1632 + -1625. What is the remainder when 209 is divided by n?
6
Let b be 9 - (-2 + -3040)/6. Suppose -384 = -25*l + b. Let z(g) = -10*g - 1. What is the remainder when l is divided by z(-2)?
17
Suppose 10*r = 5*r + 560. What is the remainder when r is divided by (22 + -18)/(-4) - -54?
6
Let f(y) = 7410*y - 37048. Calculate the remainder when 1 + -2 - -1 - -17 is divided by f(5).
1
Let o(p) = -154*p + 2385. What is the remainder when o(14) is divided by 50?
29
Let w = -820 + 814. What is the remainder when 87 is divided by (2/4 + 9/w)*-47?
40
Suppose 101*o - 15069 - 10193 - 24531 = 0. What is the remainder when o is divided by 156?
25
Suppose -1197 + 13697 = 50*k. Calculate the remainder when 4747 is divided by k.
247
What is the remainder when 555 is divided by (64 + -8 + 0)*(-24)/(-7)?
171
Let t(n) = n**2 + 2*n - 3. Let h be t(2). Suppose 8*p + h = 9*p. Calculate the remainder when (1/(-1) - -2) + p is divided by 3.
0
Let a(b) be the third derivative of -14*b**2 + 1/6*b**4 + 7/3*b**3 - 1/120*b**6 - 1/15*b**5 + 0*b + 0. What is the remainder when a(-5) is divided by 11?
8
Let s be 5/(10/(-14)) + 0. Let g(r) = -4*r - 16. Let j be g(s). Suppose -j = -2*x - x. What is the remainder when 15 is divided by x?
3
What is the remainder when 858 is divided by 10 + 0 - -37*(2 - -1)?
11
Let l(b) be the third derivative of 1/120*b**6 - 1/60*b**5 - 5/6*b**3 + 0*b + 1/8*b**4 + 0 - 17*b**2. What is the remainder when 17 is divided by l(2)?
2
Let o(d) = d**2 + 8*d - 52. Let q be -9 + 0 + -2 + -3. Suppose -12*a + 11*a + 157 = 0. Calculate the remainder when a is divided by o(q).
29
What is the remainder when (4/6)/((-35)/(-124740)*22) is divided by 95?
13
Let l be 113 + 11 + 1 + -2. Let c(j) = -j**3 + 9*j**2 - 4*j - 4. Calculate the remainder when c(8) is divided by ((-12)/15)/(2 - l/60).
12
Calculate the remainder when (-23545)/(-40) - ((-15)/10*2)/8 is divided by 118.
117
Let h(k) = 164*k + 6. Let i(z) = 246*z + 9. Let u(f) = -7*h(f) + 5*i(f). Let l = 32912 + -32909. Calculate the remainder when u(l) is divided by 28.
25
Calculate the remainder when (-8530)/(-16) + 199/(-1592) is divided by 125.
33
Let b(q) = -q**2 + 10*q - 6. Let m be b(9). Let g = 90 - 85. Suppose -m*t - w = -4*w - 9, g*w = 0. Calculate the remainder when 11 is divided by t.
2
Suppose 13*t - 252 = -83. What is the remainder when t is divided by 4?
1
Suppose -119 = -x + w, -352 = -3*x + 4*w + 3. Suppose 5*f - x = 44. What is the remainder when 128 is divided by f?
29
Suppose 3*s - 4*s = -13. What is the remainder when s is divided by ((-132)/(-18))/((-6)/(-9))?
2
Suppose -74*r + 21021 + 138779 = 20*r. What is the remainder when r is divided by 37?
35
Suppose -10*t = d - 2728, -d - 2*t + 1421 = -1323. What is the remainder when d is divided by 131?
128
Suppose -58*h + 4*u + 2002 = -56*h, -1037 = -h + 4*u. Suppose -240 = -5*p + 4*c, -193 + 22 = -4*p - c. What is the remainder when h is divided by p?
41
Let d(w) = -31*w - 1. What is the remainder when d(-3) is divided by (10 - (-50)/30)*(-13)/(130/(-12))?
8
Let c = -11268 + 11352. Calculate the remainder when 104 is divided by c.
20
Let o(p) = -352*p + 3556. What is the remainder when 2083 is divided by o(10)?
31
What is the remainder when (573 + -7)*((-14)/7 + 3) is divided by 39?
20
Suppose -164 = 3*z - 4*f, -f - 3 + 2 = 0. Let u = -1 - z. Calculate the remainder when 163 is divided by u.
53
What is the remainder when 127 is divided by 12/9*(39 + -30)?
7
Suppose 66 = 5*i - 3*o - 204, 300 = 5*i + 3*o. Suppose 6*s - i = 51. Suppose -4*a = -190 + s. What is the remainder when a is divided by 24?
19
Let x = -3500 + 3664. What is the remainder when x is divided by 80?
4
Suppose -2*i + 4*i - 34 = -2*v, v + 3 = 0. Suppose -i*n - 1192 = -28*n. What is the remainder when n is divided by 22?
17
Suppose -766 = -32*o + 98. Suppose 0 = 6*x - 801 + 405. What is the remainder when x is divided by o?
12
Let k(p) = -p**3 + 20*p**2 - 130*p + 1347. Calculate the remainder when 2409 is divided by k(17).
1
What is the remainder when 5837 is divided by -21 - (-40 + 189/(-9))?
37
Suppose -24*j + 35541 = 9*j - 0*j. What is the remainder when j is divided by 16?
5
Suppose -24*q + 9837 = -11307. What is the remainder when q is divided by 299?
283
Suppose -16 = -4*f, 8*d - 5*d + 5*f = -28. Let k = -3 - d. Calculate the remainder when 21 is divided by k.
8
Let v = -699 + 1212. What is the remainder when v is divided by 12?
9
Suppose 7*v - 6*v - 2*n - 48 = 0, 4*n = 0. Calculate the remainder when (v/(-1 + 0))/(54/(-27)) is divided by 14.
10
Calculate the remainder when 1138 is divided by ((-2)/(-7))/((-2774)/1022) + 2415/19.
122
Let o = 2399 - 2390. Calculate the remainder when 18448 is divided by o.
7
Suppose -448*s + 462*s = 126. Calculate the remainder when 42 is divided by s.
6
Let p = 231 + -106. What is the remainder when 1871 is divided by p?
121
Let n = 36 + -8. Suppose 5*v - 55 = 5*t, -10*t = 3*v - 15*t - 43. Calculate the remainder when n is divided by ((-75)/10 + v)/((-2)/8).
4
Suppose -3*d = l - 1435, -18*l + 2*d =